w + 493. Is w a composite number?
True
Suppose 5*q - 11*q = -510. Is q prime?
False
Let m(a) be the first derivative of 13*a**4/4 - 5*a**3/3 + 5*a**2/2 - 3*a + 1. Let z be m(3). Suppose 25 = -g + z. Is g prime?
True
Let b be 1 - (4 - 2 - 0). Is (-348)/(-9) + b/(-3) a prime number?
False
Let k(p) = 30*p**2 - 3*p + 3. Let u be k(3). Suppose 0 = y - 3*h + 5*h + 128, 2*y - 4*h + u = 0. Let m = y - -187. Is m composite?
True
Is (-5 - -9)*(-1310)/(-8) prime?
False
Let z be (5/2)/((-1)/(-2)). Suppose 0 = z*h + 4 - 29, -i = -h - 38. Is i a prime number?
True
Suppose -g + 2*g - 4 = 0. Is (-94)/((16/(-4))/g) composite?
True
Let s = 1 + 3. Suppose 2*w = -5*l + 2191, -s*l - l + 2193 = w. Is l a prime number?
True
Let r(a) = -a - 6. Let y be r(-7). Is 764/(-8)*y*-2 a composite number?
False
Let o(c) = 3*c**2 + 5*c + 7. Let b be (6/5)/((-1)/5). Let y be -9 + (-3)/b*6. Is o(y) composite?
True
Let z(w) = -w**2 + 8*w - 3. Is z(7) a prime number?
False
Let s = 244 + -85. Let i be (-27)/4*(-16)/6. Suppose 3*x - s = -i. Is x a prime number?
True
Suppose 0 = -5*s + 248 + 757. Let z = s + 22. Is z prime?
True
Let f(t) = -t + 437. Is f(0) a composite number?
True
Let a = -346 - -597. Is a composite?
False
Let v = -19 + -4. Suppose 6*i = 4*i + 28. Let g = i - v. Is g composite?
False
Let l = 16 + 63. Is l prime?
True
Let b(j) = 3*j**2 - 3*j - 2. Is b(-4) composite?
True
Let q(x) = x**3 - 7*x**2 + 7*x. Let a be q(6). Let n be (4/a)/((-2)/(-6)). Is 52/5 + n/(-5) a prime number?
False
Let g be 2/(-3*(-3)/18). Suppose -g = -0*x - x. Suppose -x*y + 59 = -289. Is y a composite number?
True
Suppose -p = 2*p - 4*k + 7, 0 = -k + 4. Suppose p*a + a = 44. Suppose -a - 1 = -2*f. Is f a prime number?
False
Suppose -3*h - 9 = -3*r, -4*r - 3*h + 0*h - 9 = 0. Let l be -3 - r - (2 - 25). Let a = l - -2. Is a prime?
False
Suppose 3 = 3*c + 5*w + 29, -2*c - 14 = 5*w. Let r(t) be the second derivative of t**4/12 - t**3/3 + 9*t**2/2 + 5*t. Is r(c) prime?
False
Let p(g) be the second derivative of 17*g**3/6 + g**2/2 + 2*g. Is p(4) prime?
False
Let k be (-94)/(-10) - 2/5. Is 119*2 + k/(-3) a composite number?
True
Suppose -3887 - 717 = -4*w. Is w a prime number?
True
Let a(m) = -57*m + 6. Let v be a(-7). Let d = -22 + v. Suppose -d - 106 = -3*x. Is x a prime number?
True
Is (-15)/(-25) + 11568/15*2 prime?
True
Let y(c) = -2*c**3 + 2*c**2 + 12*c + 11. Is y(-6) composite?
False
Let d be (-6)/((-3)/2*1). Suppose 3*k - 2 - d = 0. Suppose 4*n + 62 = -k*b + 4*b, 3*n = 3*b - 99. Is b a composite number?
True
Suppose k - 3*k = -5*q + 23, -q - 17 = 5*k. Let x(r) = 1 + 0 + 24*r**2 + 3*r - 3. Is x(q) prime?
True
Let k(z) = 2*z**3 + 8*z**2 - 11*z - 10. Let d be k(-7). Let c = -148 - d. Is c composite?
False
Let m = 7 + -11. Let u = 11 + m. Suppose -4*t + u*t + 280 = 4*g, -t = 5*g - 331. Is g a composite number?
False
Suppose -m = -753 + 202. Is m prime?
False
Let t be -3 + 6*(1 - -1). Let s = 30 + t. Is s a composite number?
True
Let r = 569 + -384. Is r composite?
True
Let s(w) = w**3 - w**2 - w + 7. Let t(i) = i**2 - 8*i + 6. Let h be t(8). Is s(h) prime?
True
Suppose -q + 4*i + 115 + 25 = 0, 4*q + i - 594 = 0. Let n = 243 - q. Is n a prime number?
False
Suppose 19 - 85 = -2*u. Is u prime?
False
Suppose n = 5*g - 154, 1 = 4*n - 3. Is g a prime number?
True
Let b(s) = 14*s. Let c be b(1). Suppose 3*f = c - 5. Let u = f - -31. Is u composite?
True
Let f(a) = -2*a - 4. Let v be 204/(-28) - 4/(-14). Is f(v) a prime number?
False
Suppose -4 = s - 8. Suppose s*x - 178 = 466. Is x a prime number?
False
Suppose 0 = 4*c - 1053 - 5703. Is c prime?
False
Let i = 260 + 159. Is i a prime number?
True
Let k(f) = -f - 9. Let w be k(-12). Suppose -5*u = 3*z - 180, -442 = -5*z - w*u - 158. Is z a composite number?
True
Let a = 59 - 86. Suppose -3*l = -2*n - 141, 395 = -5*n - l - 0*l. Let o = a - n. Is o composite?
True
Let r be (1 + 1 - 2) + -1. Let h(t) = -40*t. Let w be h(r). Is w/6*(-6)/(-4) prime?
False
Let k(s) = -104*s**3 - s**2 + s + 1. Let q be k(-1). Let x = q + -68. Is x prime?
False
Suppose -6*z = -z + 4*n + 3705, 4*z - 3*n = -2964. Let b = -492 - z. Suppose -q + b = 2*q. Is q a prime number?
True
Let n(m) = -43*m + 14. Is n(-3) a prime number?
False
Let u = 15 - 12. Suppose -695 = -2*h - u*h. Is h composite?
False
Suppose 65 = 5*o + 3*w, 2*o - 64 = -5*w - 19. Let y = o - 5. Is 94*y/1 - 1 a prime number?
False
Let r = 2 + -6. Let q = r - -10. Suppose h - q*h = -385. Is h composite?
True
Let j = -50 + 101. Is j composite?
True
Suppose j - 741 = 319. Suppose -5*y + 9*y - j = 0. Is y a prime number?
False
Let u be (-3)/(-15) - (-38)/10. Suppose 2*v - u*f + 183 = 7*v, 0 = -v + 3*f + 29. Is v composite?
True
Suppose 9*c = 7*c + 598. Is c composite?
True
Let x = 374 + -90. Suppose 0*u - s + 197 = 3*u, -4*s = -4*u + x. Is u prime?
True
Suppose 9 = -0*c + 3*c. Suppose -4*r = -27 + 7, 3*a - 27 = -3*r. Suppose -2*n + a*d + 586 = c*d, -1465 = -5*n - d. Is n a prime number?
True
Suppose -3*r = 4*b - 16865, 5*r + 2*b + 3*b - 28110 = 0. Is r a composite number?
False
Let c be ((-4)/(-4))/((-1)/(-2)). Suppose 0 = -5*k + c*m + 17, 0 = k + k + 2*m - 4. Suppose -f + k*f = 178. Is f a composite number?
False
Suppose -3*o = 15, 2*r - 3*o - 14358 = -r. Is r prime?
False
Suppose 0*o = -3*o - 4*c + 6259, 2*o + 2*c = 4170. Is o composite?
False
Suppose -2*r = -4*a + 3250 - 906, -2929 = -5*a + 3*r. Is a a prime number?
True
Let y(s) = -24*s. Let q be y(-8). Let b = q + -137. Is b prime?
False
Let s(o) = -2*o**3 - o**2 + 2*o + 11. Is s(-8) a composite number?
True
Let q = 75 - 140. Let r = 102 + q. Is r prime?
True
Suppose -n + 390 = -361. Is n composite?
False
Let r(m) = 22*m + 13. Is r(10) composite?
False
Suppose -b - 2112 = -4*b. Suppose -5*u + b + 101 = 0. Is u composite?
True
Suppose p + z = -2*p + 364, -4*p - 5*z = -489. Is p prime?
False
Suppose 7*s - 2*s + 4*p + 12 = 0, -3*s + p = -3. Suppose s = 2*a + 99 + 1. Let d = 71 + a. Is d a composite number?
True
Suppose 4*j = 1018 - 206. Is j composite?
True
Let i be -3 - -2*(-2 - -1). Let m be 4/(-3)*(i - -2). Suppose m*r + 0*r - 12 = 0. Is r a composite number?
False
Is 18*111/6 + 4 prime?
True
Let u(f) = f**3 - 4*f**2 - 8*f + 6. Let i be u(5). Suppose -818 = -z + 2*l, -3*z - 2*l = -2599 + 153. Is 2/6 - z/i prime?
False
Suppose f - 1665 = -3*f + 5*h, h = f - 417. Suppose 0*v - f = -4*v. Suppose 3*p + 2*p - v = 0. Is p prime?
False
Let t = 6 - -8. Is t prime?
False
Suppose 1192 = 8*n - 496. Is n a prime number?
True
Let r = -1931 + 5541. Suppose -3*o = -4*v + r, -3*o - 3*v = -0*v + 3624. Is 18/45 + o/(-10) prime?
False
Let t be (-66)/(-24) - (-2)/8. Let m(v) = 37*v**2 - 3*v + 4. Let j be m(t). Suppose -5*l = -l - j. Is l a prime number?
False
Is 1283*(-1)/(-1 + 0/(-3)) composite?
False
Let x = -44 - -28. Let f = x - -27. Let w(m) = m**2 - 3*m - 11. Is w(f) composite?
True
Let z be (1 - (-1 + 5)) + 0. Let r(i) = 4*i**2 - 5*i - 1. Let d(t) = 5*t**2 - 5*t - 2. Let n(x) = -5*d(x) + 6*r(x). Is n(z) composite?
True
Let w(x) = -x**3 - 6*x**2 + 8*x - 9. Let o be w(-7). Is 2*1*(-424)/o composite?
False
Suppose 5*f + 0*q - 20 = -5*q, -2*q + 2 = f. Suppose 2*t = f*t + 12. Is (279/(-6))/t*2 a prime number?
True
Suppose 2 + 4 = 3*q. Is (-200)/(-1) - (-5 + q) a prime number?
False
Suppose 4*t + 0*t - 136 = 0. Suppose -11 = -3*a + t. Is a a composite number?
True
Is 24/60 + 1013/5 composite?
True
Let g = -12 - -12. Suppose -5*s + 293 + 492 = g. Is s a prime number?
True
Let b = -113 - -52. Let n = b - -100. Is n a composite number?
True
Suppose 5*b = -b + 2706. Is b prime?
False
Let o = 333 - -86. Is o a composite number?
False
Let i(z) = -z**3 + 2*z**2 + 5*z - 1. Let g be i(5). Let l = g - -84. Is l a prime number?
False
Let a(g) be the third derivative of -29*g**5/120 + g**3/3 + 3*g**2. Let b(i) be the first derivative of a(i). Is b(-3) composite?
True
Let d be (1 - 26)/(1 + 0). Let m(s) = s**3 - s + 8. Let p be m(0). Let t = p - d. Is t composite?
True
Let d(q) = q**2 + 5*q + 3. Let x be d(-6). Let j(l) = l**2 - 6*l - 13. Is j(x) a prime number?
False
Suppose 3*y = 4*q - 536, 3*y = -q + 78 + 56. Is q prime?
False
Suppose 4*w - 3*w - 221 = 0. Is w composite?
True
Let z(f) = -f**2 - 6*f + 1. Let b be z(-6). Is -2*b*474/(-12) composite?
False
Let n(l) = -l - 2. Let a(o) = o**2 + 4*o - 7.